{"id":26,"date":"2025-09-21T10:14:06","date_gmt":"2025-09-21T08:14:06","guid":{"rendered":"https:\/\/parlonsdedemain.net\/?page_id=26"},"modified":"2026-02-15T18:25:26","modified_gmt":"2026-02-15T17:25:26","slug":"histoire-dun-comptoir","status":"publish","type":"page","link":"https:\/\/parlonsdedemain.net\/index.php\/histoire-dun-comptoir\/","title":{"rendered":"Histoire d\u2019un \u00ab Comptoir \u00bb"},"content":{"rendered":"\n<p class=\"has-text-align-center\"><strong>Le Comptoir un tiers-lieu favorisant les rencontres, les \u00e9changes et l\u2019\u00e9ducation populaire.<\/strong><\/p>\n\n\n<div class=\"wp-block-image is-resized\">\n<figure class=\"alignright\"><img decoding=\"async\" src=\"https:\/\/comptoirdevillaines.files.wordpress.com\/2019\/05\/soirc3a9e-6-avril-7.jpg?w=366&amp;h=275\" alt=\"soir\u00e9e 6 avril 7\" class=\"wp-image-213\" style=\"width:271px;height:auto\"\/><\/figure>\n<\/div>\n\n\n<p>On y passe pour boire un verre, retrouver des gens connus et en d\u00e9couvrir d\u2019autres, \u00e9couter de la musique, partager des savoirs, jouer\u2026<\/p>\n\n\n<div class=\"wp-block-image is-resized\">\n<figure class=\"alignleft\"><img decoding=\"async\" src=\"https:\/\/comptoirdevillaines.files.wordpress.com\/2019\/05\/soirc3a9e-c3a9checs.jpg?w=309&amp;h=195\" alt=\"soir\u00e9e \u00e9checs\" class=\"wp-image-214\"\/><\/figure>\n<\/div>\n\n\n<p>Les adh\u00e9rents sont les acteurs de la vie du caf\u00e9,&nbsp;propositions et programmation des animations, tenue du bar, d\u00e9coration, finances, travaux\u2026.<br><\/p>\n\n\n\n<p><br><strong>Avec la participation de Parlons de Demain<\/strong> : D\u00e8s 2015 l\u2019association avait lanc\u00e9 \u00e0 Avon les Roches, distante de 10 km, une exp\u00e9rience de caf\u00e9 \u00ab\u00a0\u00e9ph\u00e9m\u00e8re\u00a0\u00bb. Celle-ci n\u2019avait pas pu d\u00e9boucher sur une ouverture associative en raison du refus de la municipalit\u00e9 d\u00e9tentrice des locaux et de la licence d\u2019exploitation. <br>C\u2019est donc naturellement que l\u2019association s\u2019est investie sur le projet de Villaines les Rochers.<\/p>\n\n\n\n<p><strong>Villaines-les-Rochers<\/strong> est un village (1067 habitants) situ\u00e9 en Touraine,&nbsp;dans le Chinonais,&nbsp;\u00e0 6 kilom\u00e8tres du Ch\u00e2teau d\u2019Azay-le-Rideau. Son paysage se compose de vallons, descendants des landes du Ruchard (au sud) vers le rive gauche de l\u2019Indre (au nord). Son architecture est typique des maisons de Touraine, ses jardins fleuris sont d\u00e9cor\u00e9s de haies en osier et certaines de ces habitations sont semi-troglodytiques.&nbsp;Villaines les Rochers doit sa notori\u00e9t\u00e9 \u00e0 la vannerie dont elle est une capitale.<\/p>\n\n\n\n<p>&nbsp;<strong>Contexte g\u00e9n\u00e9ral de la d\u00e9marche<\/strong> : La disparition ou l\u2019inexistence de commerce local a des cons\u00e9quences tr\u00e8s importances sur l\u2019existence d\u2019une communaut\u00e9 villageoise coh\u00e9rente et r\u00e9siliente. Un caf\u00e9-restaurant n\u2019est pas seulement un caf\u00e9-restaurant c\u2019est aussi un lieu qui participe au lien social, aux rencontres entre g\u00e9n\u00e9rations et qui propose de par sa proximit\u00e9 et son ouverture une forme particuli\u00e8re d\u2019acc\u00e8s \u00e0 la culture sous toutes ses formes et au d\u00e9veloppement local. C\u2019est un 3<sup>\u00e8me<\/sup> lieu. <\/p>\n\n\n\n<p><strong>&nbsp;\u00ab&nbsp;Le Comptoir&nbsp;\u00bb projet, chronologie et d\u00e9veloppement<\/strong><\/p>\n\n\n\n<p><strong><em><u>7 octobre 2016<\/u><\/em><\/strong> : La 1<sup>\u00e8re<\/sup> rencontre de lancement a vu la participation d\u2019environ 120 personnes qui ont particip\u00e9 \u00e0 une exploration ouverte sur le th\u00e8me \u00ab&nbsp;Pour vous, c\u2019est quoi un commerce \u00e0 Villaines et qu\u2019\u00eates-vous pr\u00eat \u00e0 faire pour que \u00e7a marche?&nbsp;\u00bb. Les nombreuses id\u00e9es exprim\u00e9es permettrons par la suite la d\u00e9finition des commerces.<\/p>\n\n\n\n<p><strong><em><u>28 octobre 2016<\/u><\/em><\/strong> : R\u00e9union bilan du 7 octobre. C\u2019est l\u00e0 que prend forme le projet de caf\u00e9-bar-petite restauration, autour d\u2019une trentaine de personnes avec la cr\u00e9ation de l\u2019association de pr\u00e9figuration \u00ab&nbsp;<strong>Le Comptoir<\/strong>&nbsp;\u00bb. L\u2019association n\u2019apparaissant pas \u00e0 terme comme la meilleure structure en raison des limites \u00e9conomiques l\u2019id\u00e9e d\u2019une Soci\u00e9t\u00e9 Coop\u00e9rative d\u2019Int\u00e9r\u00eat Collectif (SCIC) permettant d\u2019associer les acteurs concern\u00e9s (salari\u00e9s, clients, habitants, collectivit\u00e9s locales) est adopt\u00e9e. Cette r\u00e9union marque un tournant dans l\u2019\u00e9volution de la r\u00e9flexion collective. La municipalit\u00e9 est attentive au projet et travaille de concert avec les membres du Comptoir pour mener \u00e0 bien le projet qui devrait aboutir dans l\u2019ann\u00e9e. Il est envisag\u00e9 de m\u00e9tamorphoser l\u2019ancienne poste.<\/p>\n\n\n\n<p><strong><em><u>Novembre \u00e0 d\u00e9cembre 2016<\/u><\/em><\/strong> : D\u00e9finition, financement, recherche de locaux et montage. Des groupes de travail sont constitu\u00e9s&nbsp;: animation, travaux,&nbsp; juridique et finance, cuisine. Le projet d\u2019adaptation du local de la poste se discute avec la mairie autour des travaux \u00e0 faire et des budgets \u00e0 rechercher.<\/p>\n\n\n\n<p><strong><em><u>F\u00e9vrier 2017<\/u><\/em><\/strong> : Le premier projet \u00e0 prendre corps sera l\u2019\u00e9picerie qui reprendra \u00e0 son compte les souhaits exprim\u00e9s le 7 octobre. L\u2019investissement et le travail des b\u00e9n\u00e9voles est r\u00e9compens\u00e9, une \u00e9picerie multi-service ouvre ses portes &nbsp;\u00ab&nbsp;Aux villais-joie sup\u00e9rette&nbsp;\u00bb.<\/p>\n\n\n\n<p><strong><em><u>7 avril 2017<\/u><\/em><\/strong>: Pr\u00e9figuration du caf\u00e9 \u00e0 la salle des f\u00eates, tr\u00e8s bonne ambiance avec 50 \u00e0 60 participants.<\/p>\n\n\n\n<p>Apr\u00e8s de longs palabres qui n&#8217;en finissent pas avec la municipalit\u00e9, il devient urgent d\u2019ouvrir. Le projet de l\u2019ancienne poste n\u2019est plus envisageable (travaux \u00e0 faire, probl\u00e8me de mitoyennet\u00e9 et atermoiements de la mairie qui se contente bien de l&#8217;\u00e9picerie. Devant l\u2019impatience de certains adh\u00e9rents, le projet va d\u00e9buter \u00e0 la maison du village, de fa\u00e7on transitoire. L\u2019organisation se met en place et des locaux municipaux g\u00e9r\u00e9s par le &#8220;Club des jeunes&#8221; non exploit\u00e9s depuis plusieurs ann\u00e9es sont nettoy\u00e9s et r\u00e9am\u00e9nag\u00e9s. Ce sera le travail de plusieurs mois pour une ouverture le 6 avril 2018.<\/p>\n\n\n\n<p><strong><em><u>6 avril 2018<\/u><\/em><\/strong> : Ouverture du \u00ab&nbsp;Comptoir&nbsp;\u00bb \u00e0 la maison du village, le vendredi soir de 19h30 \u00e0 22h30, sans interruption, sauf fermeture en ao\u00fbt.<\/p>\n\n\n\n<p>Apr\u00e8s plusieurs mois de fonctionnement un des membres fondateurs d\u00e9cide d\u2019ouvrir un autre caf\u00e9 sous forme de commerce. Apr\u00e8s une petite p\u00e9riode de flottement, Le Comptoir&nbsp;\u00bb continue en bon voisinage avec le \u00ab&nbsp;Fil Rouge&nbsp;\u00bb sont voisin. <\/p>\n\n\n\n<p>R\u00e9sultat de cette aventure&nbsp;: une \u00e9picerie \u00ab&nbsp;<strong><em>la Villais-joie<\/em><\/strong>&nbsp;\u00bb, un caf\u00e9-restaurant-concerts \u00ab&nbsp;<strong><em>Le Fil Rouge&nbsp;<\/em><\/strong>\u00bb et un caf\u00e9 associatif hebdomadaire \u00ab&nbsp;<strong><em>Le Comptoir<\/em><\/strong>&nbsp;\u00bb.<\/p>\n\n\n\n<p class=\"has-text-align-left\">Le Comptoir a fonctionn\u00e9 tous les vendredi soirs jusqu&#8217;au premier confinement le 15 mars 2020, la tenue du caf\u00e9 est alors r\u00e9duite au <a href=\"http:\/\/mauvy-lolon.net\/wp-content\/uploads\/2021\/02\/Hibernatus.mp4\" target=\"_blank\" rel=\"noreferrer noopener\">minimum<\/a>. Une initiative de maintien d&#8217;un lien \u00e0 distance, &#8220;Sh\u00e9h\u00e9razade&#8221;, ne rencontre pas le succ\u00e8s esp\u00e9r\u00e9. L&#8217;association, malgr\u00e9 une tentative de reprise, ne s&#8217;est pas remise de cette interruption. Elle est dissoute en 2022.<\/p>\n\n\n\n<p> <a href=\"http:\/\/mauvy-lolon.net\/wp-content\/uploads\/2021\/02\/Video-AG-2018.mp4\" target=\"_blank\" rel=\"noreferrer noopener\">AG 2018<\/a> 1\u00e8re AG du Comptoir<\/p>\n\n\n\n<p><a href=\"https:\/\/comptoirdevillaines.wordpress.com\/\" target=\"_blank\" rel=\"noreferrer noopener\">Site de pr\u00e9sentation de 2018 \u00e0 fin 2022<\/a><\/p>\n\n\n\n<p><a href=\"https:\/\/www.lanouvellerepublique.fr\/indre-et-loire\/commune\/villaines-les-rochers\/le-comptoir-un-an-deja\" target=\"_blank\" rel=\"noreferrer noopener\">Un an d\u00e9j\u00e0 article La Nouvelle R\u00e9publique<\/a><\/p>\n","protected":false},"excerpt":{"rendered":"","protected":false},"author":1,"featured_media":0,"parent":0,"menu_order":0,"comment_status":"closed","ping_status":"closed","template":"","meta":{"footnotes":""},"class_list":["post-26","page","type-page","status-publish","hentry","comments-off"],"_links":{"self":[{"href":"https:\/\/parlonsdedemain.net\/index.php\/wp-json\/wp\/v2\/pages\/26","targetHints":{"allow":["GET"]}}],"collection":[{"href":"https:\/\/parlonsdedemain.net\/index.php\/wp-json\/wp\/v2\/pages"}],"about":[{"href":"https:\/\/parlonsdedemain.net\/index.php\/wp-json\/wp\/v2\/types\/page"}],"author":[{"embeddable":true,"href":"https:\/\/parlonsdedemain.net\/index.php\/wp-json\/wp\/v2\/users\/1"}],"replies":[{"embeddable":true,"href":"https:\/\/parlonsdedemain.net\/index.php\/wp-json\/wp\/v2\/comments?post=26"}],"version-history":[{"count":12,"href":"https:\/\/parlonsdedemain.net\/index.php\/wp-json\/wp\/v2\/pages\/26\/revisions"}],"predecessor-version":[{"id":796,"href":"https:\/\/parlonsdedemain.net\/index.php\/wp-json\/wp\/v2\/pages\/26\/revisions\/796"}],"wp:attachment":[{"href":"https:\/\/parlonsdedemain.net\/index.php\/wp-json\/wp\/v2\/media?parent=26"}],"curies":[{"name":"wp","href":"https:\/\/api.w.org\/{rel}","templated":true}]}}

<p class="has-text-align-center"><strong>Le Comptoir un tiers-lieu favorisant les rencontres, les échanges et l’éducation populaire.</strong></p>


<div class="wp-block-image is-resized">
<figure class="alignright"><img decoding="async" src="https://comptoirdevillaines.files.wordpress.com/2019/05/soirc3a9e-6-avril-7.jpg?w=366&amp;h=275" alt="soirée 6 avril 7" class="wp-image-213" style="width:271px;height:auto"/></figure>
</div>


<p>On y passe pour boire un verre, retrouver des gens connus et en découvrir d’autres, écouter de la musique, partager des savoirs, jouer…</p>


<div class="wp-block-image is-resized">
<figure class="alignleft"><img decoding="async" src="https://comptoirdevillaines.files.wordpress.com/2019/05/soirc3a9e-c3a9checs.jpg?w=309&amp;h=195" alt="soirée échecs" class="wp-image-214"/></figure>
</div>


<p>Les adhérents sont les acteurs de la vie du café,&nbsp;propositions et programmation des animations, tenue du bar, décoration, finances, travaux….<br></p>



<p><br><strong>Avec la participation de Parlons de Demain</strong> : Dès 2015 l’association avait lancé à Avon les Roches, distante de 10 km, une expérience de café « éphémère ». Celle-ci n’avait pas pu déboucher sur une ouverture associative en raison du refus de la municipalité détentrice des locaux et de la licence d’exploitation. <br>C’est donc naturellement que l’association s’est investie sur le projet de Villaines les Rochers.</p>



<p><strong>Villaines-les-Rochers</strong> est un village (1067 habitants) situé en Touraine,&nbsp;dans le Chinonais,&nbsp;à 6 kilomètres du Château d’Azay-le-Rideau. Son paysage se compose de vallons, descendants des landes du Ruchard (au sud) vers le rive gauche de l’Indre (au nord). Son architecture est typique des maisons de Touraine, ses jardins fleuris sont décorés de haies en osier et certaines de ces habitations sont semi-troglodytiques.&nbsp;Villaines les Rochers doit sa notoriété à la vannerie dont elle est une capitale.</p>



<p>&nbsp;<strong>Contexte général de la démarche</strong> : La disparition ou l’inexistence de commerce local a des conséquences très importances sur l’existence d’une communauté villageoise cohérente et résiliente. Un café-restaurant n’est pas seulement un café-restaurant c’est aussi un lieu qui participe au lien social, aux rencontres entre générations et qui propose de par sa proximité et son ouverture une forme particulière d’accès à la culture sous toutes ses formes et au développement local. C’est un 3<sup>ème</sup> lieu. </p>



<p><strong>&nbsp;«&nbsp;Le Comptoir&nbsp;» projet, chronologie et développement</strong></p>



<p><strong><em><u>7 octobre 2016</u></em></strong> : La 1<sup>ère</sup> rencontre de lancement a vu la participation d’environ 120 personnes qui ont participé à une exploration ouverte sur le thème «&nbsp;Pour vous, c’est quoi un commerce à Villaines et qu’êtes-vous prêt à faire pour que ça marche?&nbsp;». Les nombreuses idées exprimées permettrons par la suite la définition des commerces.</p>



<p><strong><em><u>28 octobre 2016</u></em></strong> : Réunion bilan du 7 octobre. C’est là que prend forme le projet de café-bar-petite restauration, autour d’une trentaine de personnes avec la création de l’association de préfiguration «&nbsp;<strong>Le Comptoir</strong>&nbsp;». L’association n’apparaissant pas à terme comme la meilleure structure en raison des limites économiques l’idée d’une Société Coopérative d’Intérêt Collectif (SCIC) permettant d’associer les acteurs concernés (salariés, clients, habitants, collectivités locales) est adoptée. Cette réunion marque un tournant dans l’évolution de la réflexion collective. La municipalité est attentive au projet et travaille de concert avec les membres du Comptoir pour mener à bien le projet qui devrait aboutir dans l’année. Il est envisagé de métamorphoser l’ancienne poste.</p>



<p><strong><em><u>Novembre à décembre 2016</u></em></strong> : Définition, financement, recherche de locaux et montage. Des groupes de travail sont constitués&nbsp;: animation, travaux,&nbsp; juridique et finance, cuisine. Le projet d’adaptation du local de la poste se discute avec la mairie autour des travaux à faire et des budgets à rechercher.</p>



<p><strong><em><u>Février 2017</u></em></strong> : Le premier projet à prendre corps sera l’épicerie qui reprendra à son compte les souhaits exprimés le 7 octobre. L’investissement et le travail des bénévoles est récompensé, une épicerie multi-service ouvre ses portes &nbsp;«&nbsp;Aux villais-joie supérette&nbsp;».</p>



<p><strong><em><u>7 avril 2017</u></em></strong>: Préfiguration du café à la salle des fêtes, très bonne ambiance avec 50 à 60 participants.</p>



<p>Après de longs palabres qui n&#8217;en finissent pas avec la municipalité, il devient urgent d’ouvrir. Le projet de l’ancienne poste n’est plus envisageable (travaux à faire, problème de mitoyenneté et atermoiements de la mairie qui se contente bien de l&#8217;épicerie. Devant l’impatience de certains adhérents, le projet va débuter à la maison du village, de façon transitoire. L’organisation se met en place et des locaux municipaux gérés par le &#8220;Club des jeunes&#8221; non exploités depuis plusieurs années sont nettoyés et réaménagés. Ce sera le travail de plusieurs mois pour une ouverture le 6 avril 2018.</p>



<p><strong><em><u>6 avril 2018</u></em></strong> : Ouverture du «&nbsp;Comptoir&nbsp;» à la maison du village, le vendredi soir de 19h30 à 22h30, sans interruption, sauf fermeture en août.</p>



<p>Après plusieurs mois de fonctionnement un des membres fondateurs décide d’ouvrir un autre café sous forme de commerce. Après une petite période de flottement, Le Comptoir&nbsp;» continue en bon voisinage avec le «&nbsp;Fil Rouge&nbsp;» sont voisin. </p>



<p>Résultat de cette aventure&nbsp;: une épicerie «&nbsp;<strong><em>la Villais-joie</em></strong>&nbsp;», un café-restaurant-concerts «&nbsp;<strong><em>Le Fil Rouge&nbsp;</em></strong>» et un café associatif hebdomadaire «&nbsp;<strong><em>Le Comptoir</em></strong>&nbsp;».</p>



<p class="has-text-align-left">Le Comptoir a fonctionné tous les vendredi soirs jusqu&#8217;au premier confinement le 15 mars 2020, la tenue du café est alors réduite au <a href="http://mauvy-lolon.net/wp-content/uploads/2021/02/Hibernatus.mp4" target="_blank" rel="noreferrer noopener">minimum</a>. Une initiative de maintien d&#8217;un lien à distance, &#8220;Shéhérazade&#8221;, ne rencontre pas le succès espéré. L&#8217;association, malgré une tentative de reprise, ne s&#8217;est pas remise de cette interruption. Elle est dissoute en 2022.</p>



<p> <a href="http://mauvy-lolon.net/wp-content/uploads/2021/02/Video-AG-2018.mp4" target="_blank" rel="noreferrer noopener">AG 2018</a> 1ère AG du Comptoir</p>



<p><a href="https://comptoirdevillaines.wordpress.com/" target="_blank" rel="noreferrer noopener">Site de présentation de 2018 à fin 2022</a></p>



<p><a href="https://www.lanouvellerepublique.fr/indre-et-loire/commune/villaines-les-rochers/le-comptoir-un-an-deja" target="_blank" rel="noreferrer noopener">Un an déjà article La Nouvelle République</a></p>
