{"id":409,"date":"2025-12-29T18:19:34","date_gmt":"2025-12-29T17:19:34","guid":{"rendered":"https:\/\/parlonsdedemain.net\/?page_id=409"},"modified":"2026-01-24T09:06:43","modified_gmt":"2026-01-24T08:06:43","slug":"centrale-agrivoltaique-de-panzoult","status":"publish","type":"page","link":"https:\/\/parlonsdedemain.net\/index.php\/centrale-agrivoltaique-de-panzoult\/","title":{"rendered":"Centrale Photovolta\u00efque de Panzoult"},"content":{"rendered":"\n<p>Un projet de centrale solaire photovolta\u00efque au sol est en cours \u00e0 Panzoult. Voici les informations cl\u00e9s :<\/p>\n\n\n\n<p><strong>Localisation<\/strong> : Le projet se situe au nord de la commune, dans une zone actuellement class\u00e9e en zone naturelle (N) et agricole (A), en for\u00eat.<br><strong>Surface<\/strong> : La centrale couvrira une surface totale d&#8217;environ 147 hectares, avec une zone cl\u00f4tur\u00e9e de 100 hectares.<br><strong>Production<\/strong> : La centrale devrait produire annuellement l&#8217;\u00e9quivalent de la consommation \u00e9lectrique de 57 000 habitants (hors chauffage).<br><strong>\u00c9tat d&#8217;avancement<\/strong> : En juillet 2021, la commune de Panzoult a d\u00e9lib\u00e9r\u00e9 pour solliciter la Communaut\u00e9 de Communes Touraine Val de Vienne (CCTVV) afin d&#8217;avancer sur le projet. <a href=\"https:\/\/www.indre-et-loire.gouv.fr\/contenu\/telechargement\/43385\/303495\/file\/Annexe%202%20-M%C3%A9moire%20R%C3%A9ponse%20Photosol.pdf\" target=\"_blank\" rel=\"noreferrer noopener\"><strong>Observations<\/strong> <strong>enqu\u00eate publique<\/strong><\/a><\/p>\n\n\n\n<h3 class=\"wp-block-heading\"><strong>Projet agrivolta\u00efque<\/strong><\/h3>\n\n\n\n<p><strong><a href=\"https:\/\/www.legifrance.gouv.fr\/jorf\/id\/JORFSCTA000049386047\" target=\"_blank\" rel=\"noreferrer noopener\">D\u00e9cret n\u00b0 2024-318<\/a><\/strong> commentaire du d\u00e9cret par <strong><a href=\"https:\/\/www.fermesolaire.fr\/magazine\/decret-agrivoltaisme-tout-ce-que-vous-devez-savoir\" target=\"_blank\" rel=\"noreferrer noopener\">fermessolaire.fr<\/a><\/strong><\/p>\n\n\n\n<p>Un autre projet, cette fois &#8220;agrivolta\u00efque&#8221;, a \u00e9t\u00e9 d\u00e9clar\u00e9. Il concerne 11,57 hectares et associe production d&#8217;\u00e9nergie solaire et activit\u00e9 agricole. Ce projet suit un cadre r\u00e9glementaire pr\u00e9cis, incluant une phase de concertation avec les habitants et les partenaires publics, avant une enqu\u00eate publique pr\u00e9vue prochainement. Le 8 avril 2024, la CCTVV a d\u00e9lib\u00e9r\u00e9 pour prescrire la mise en compatibilit\u00e9 du PLUi par d\u00e9claration de projet pour ce projet &#8220;agrivolta\u00efque&#8221;.<br>L&#8217;<strong>agrivolta\u00efsme<\/strong> combine <strong>agriculture et production d&#8217;\u00e9nergie solaire<\/strong> sur les terres agricoles, encadr\u00e9 par des textes l\u00e9gislatifs comme la <strong>loi APER de 2023<\/strong> et le <strong>d\u00e9cret de 2024<\/strong>, limitant la surface couverte par les panneaux \u00e0 <strong>40 % pour les cultures et 60 % pour l&#8217;\u00e9nergie<\/strong>.<\/p>\n\n\n\n<p>Le projet agrivolta\u00efque de Panzoult n&#8217;est-il que le faire-valoir d&#8217;un vaste projet de st\u00e9rilisation de terre et de destruction d&#8217;arbres ? On peut se poser la question.<\/p>\n\n\n\n<p><a href=\"https:\/\/www.cc-tvv.fr\/declaration-de-projet-n3-commune-de-panzoult\/\" target=\"_blank\" rel=\"noreferrer noopener\"><strong>D\u00e9lib\u00e9ration CCTVV<\/strong><\/a>, <a href=\"https:\/\/parlonsdedemain.net\/wp-content\/uploads\/2025\/12\/Avis_CCA_Panzoult.pdf\" target=\"_blank\" rel=\"noreferrer noopener\"><strong>Avis CCA<\/strong><\/a> , <a href=\"https:\/\/parlonsdedemain.net\/wp-content\/uploads\/2025\/12\/EPA_Photosol_Panzoult_VFinale-Aout-23.pdf\" target=\"_blank\" rel=\"noreferrer noopener\"><strong>\u00c9tude pr\u00e9alable<\/strong><\/a> <br><\/p>\n","protected":false},"excerpt":{"rendered":"","protected":false},"author":1,"featured_media":0,"parent":0,"menu_order":0,"comment_status":"closed","ping_status":"closed","template":"","meta":{"footnotes":""},"class_list":["post-409","page","type-page","status-publish","hentry","comments-off"],"_links":{"self":[{"href":"https:\/\/parlonsdedemain.net\/index.php\/wp-json\/wp\/v2\/pages\/409","targetHints":{"allow":["GET"]}}],"collection":[{"href":"https:\/\/parlonsdedemain.net\/index.php\/wp-json\/wp\/v2\/pages"}],"about":[{"href":"https:\/\/parlonsdedemain.net\/index.php\/wp-json\/wp\/v2\/types\/page"}],"author":[{"embeddable":true,"href":"https:\/\/parlonsdedemain.net\/index.php\/wp-json\/wp\/v2\/users\/1"}],"replies":[{"embeddable":true,"href":"https:\/\/parlonsdedemain.net\/index.php\/wp-json\/wp\/v2\/comments?post=409"}],"version-history":[{"count":19,"href":"https:\/\/parlonsdedemain.net\/index.php\/wp-json\/wp\/v2\/pages\/409\/revisions"}],"predecessor-version":[{"id":689,"href":"https:\/\/parlonsdedemain.net\/index.php\/wp-json\/wp\/v2\/pages\/409\/revisions\/689"}],"wp:attachment":[{"href":"https:\/\/parlonsdedemain.net\/index.php\/wp-json\/wp\/v2\/media?parent=409"}],"curies":[{"name":"wp","href":"https:\/\/api.w.org\/{rel}","templated":true}]}}

Centrale Photovoltaïque de Panzoult

<p>Un projet de centrale solaire photovoltaïque au sol est en cours à Panzoult. Voici les informations clés :</p>



<p><strong>Localisation</strong> : Le projet se situe au nord de la commune, dans une zone actuellement classée en zone naturelle (N) et agricole (A), en forêt.<br><strong>Surface</strong> : La centrale couvrira une surface totale d&#8217;environ 147 hectares, avec une zone clôturée de 100 hectares.<br><strong>Production</strong> : La centrale devrait produire annuellement l&#8217;équivalent de la consommation électrique de 57 000 habitants (hors chauffage).<br><strong>État d&#8217;avancement</strong> : En juillet 2021, la commune de Panzoult a délibéré pour solliciter la Communauté de Communes Touraine Val de Vienne (CCTVV) afin d&#8217;avancer sur le projet. <a href="https://www.indre-et-loire.gouv.fr/contenu/telechargement/43385/303495/file/Annexe%202%20-M%C3%A9moire%20R%C3%A9ponse%20Photosol.pdf" target="_blank" rel="noreferrer noopener"><strong>Observations</strong> <strong>enquête publique</strong></a></p>



<h3 class="wp-block-heading"><strong>Projet agrivoltaïque</strong></h3>



<p><strong><a href="https://www.legifrance.gouv.fr/jorf/id/JORFSCTA000049386047" target="_blank" rel="noreferrer noopener">Décret n° 2024-318</a></strong> commentaire du décret par <strong><a href="https://www.fermesolaire.fr/magazine/decret-agrivoltaisme-tout-ce-que-vous-devez-savoir" target="_blank" rel="noreferrer noopener">fermessolaire.fr</a></strong></p>



<p>Un autre projet, cette fois &#8220;agrivoltaïque&#8221;, a été déclaré. Il concerne 11,57 hectares et associe production d&#8217;énergie solaire et activité agricole. Ce projet suit un cadre réglementaire précis, incluant une phase de concertation avec les habitants et les partenaires publics, avant une enquête publique prévue prochainement. Le 8 avril 2024, la CCTVV a délibéré pour prescrire la mise en compatibilité du PLUi par déclaration de projet pour ce projet &#8220;agrivoltaïque&#8221;.<br>L&#8217;<strong>agrivoltaïsme</strong> combine <strong>agriculture et production d&#8217;énergie solaire</strong> sur les terres agricoles, encadré par des textes législatifs comme la <strong>loi APER de 2023</strong> et le <strong>décret de 2024</strong>, limitant la surface couverte par les panneaux à <strong>40 % pour les cultures et 60 % pour l&#8217;énergie</strong>.</p>



<p>Le projet agrivoltaïque de Panzoult n&#8217;est-il que le faire-valoir d&#8217;un vaste projet de stérilisation de terre et de destruction d&#8217;arbres ? On peut se poser la question.</p>



<p><a href="https://www.cc-tvv.fr/declaration-de-projet-n3-commune-de-panzoult/" target="_blank" rel="noreferrer noopener"><strong>Délibération CCTVV</strong></a>, <a href="https://parlonsdedemain.net/wp-content/uploads/2025/12/Avis_CCA_Panzoult.pdf" target="_blank" rel="noreferrer noopener"><strong>Avis CCA</strong></a> , <a href="https://parlonsdedemain.net/wp-content/uploads/2025/12/EPA_Photosol_Panzoult_VFinale-Aout-23.pdf" target="_blank" rel="noreferrer noopener"><strong>Étude préalable</strong></a> <br></p>
