{"id":453,"date":"2026-01-12T12:51:43","date_gmt":"2026-01-12T11:51:43","guid":{"rendered":"https:\/\/parlonsdedemain.net\/?page_id=453"},"modified":"2026-01-12T13:54:57","modified_gmt":"2026-01-12T12:54:57","slug":"solarcoop","status":"publish","type":"page","link":"https:\/\/parlonsdedemain.net\/index.php\/solarcoop\/","title":{"rendered":"Le solaire citoyen et solidaire"},"content":{"rendered":"\n<h3 class=\"wp-block-heading\"><strong>L\u2019origine de Solarcoop : une initiative citoyenne<\/strong><\/h3>\n\n\n\n<p>Les Centrales Villageoises du Pays Mornantais (C.V.P.M.), cr\u00e9\u00e9e en 2016 dans le Rh\u00f4ne, a d\u2019abord install\u00e9 des centrales photovolta\u00efques sur les toits de 26 b\u00e2timents du Pays Mornantais gr\u00e2ce \u00e0 des financements citoyens.<\/p>\n\n\n\n<p>Afin de permettre aux particuliers du territoire de produire de l\u2019\u00e9lectricit\u00e9, C.V.P.M. a mis en place d\u00e9but 2020 un accompagnement des particuliers s\u00e9curisant le processus et les co\u00fbts. Des Centrales Villageoises voisines ont demand\u00e9 \u00e0 C.V.P.M. de d\u00e9velopper ce service \u00e0 destination des particuliers de leur propre territoire.<\/p>\n\n\n\n<p>Tr\u00e8s vite, il est apparu \u00e9vident qu\u2019il fallait d\u2019une part \u00e9largir la d\u00e9marche au territoire national, d\u2019autre part proposer de petites installations pour l\u2019autoconsommation totale : des Kits Solaires. Il a alors \u00e9t\u00e9 d\u00e9cid\u00e9 de cr\u00e9er <a href=\"https:\/\/www.solarcoop.fr\/\" target=\"_blank\" rel=\"noreferrer noopener\"><strong>Solarcoop<\/strong><\/a><\/p>\n\n\n\n<h3 class=\"wp-block-heading\"><strong>Les kits photovolta\u00efques<\/strong><\/h3>\n\n\n\n<p>Les kits photovolta\u00efques \u00ab Plug &amp; Play \u00bb sans injection sur le r\u00e9seau sont une des solutions \u00e0 la port\u00e9e des particuliers. De puissance limit\u00e9e, leur fonction est de couvrir en journ\u00e9e, une part du \u00ab talon \u00bb des consommations permanentes de la maison (consommation VMC, r\u00e9frig\u00e9rateur, cong\u00e9lateur\u2026). Particuli\u00e8rement simples \u00e0 mettre en \u0153uvre, se branchant directement \u00e0 une prise \u00e9lectrique, accessibles dans plusieurs enseignes de la grande distribution ou commercialis\u00e9s en ligne et b\u00e9n\u00e9ficiant de d\u00e9marches administratives simplifi\u00e9es, ils sont un moyen simple d\u2019auto-apprentissage de l\u2019autoconsommation individuelle de l\u2019\u00e9nergie solaire photovolta\u00efque.<\/p>\n\n\n\n<p><a href=\"https:\/\/parlonsdedemain.net\/wp-content\/uploads\/2026\/01\/bien_dimensionner_votre_kit_photovoltaique_solarcoop_v4-1.pdf\" target=\"_blank\" rel=\"noreferrer noopener\"><strong>Dimensionner votre kit photovolta\u00efque<\/strong><\/a><\/p>\n","protected":false},"excerpt":{"rendered":"","protected":false},"author":1,"featured_media":0,"parent":0,"menu_order":0,"comment_status":"closed","ping_status":"closed","template":"","meta":{"footnotes":""},"class_list":["post-453","page","type-page","status-publish","hentry","comments-off"],"_links":{"self":[{"href":"https:\/\/parlonsdedemain.net\/index.php\/wp-json\/wp\/v2\/pages\/453","targetHints":{"allow":["GET"]}}],"collection":[{"href":"https:\/\/parlonsdedemain.net\/index.php\/wp-json\/wp\/v2\/pages"}],"about":[{"href":"https:\/\/parlonsdedemain.net\/index.php\/wp-json\/wp\/v2\/types\/page"}],"author":[{"embeddable":true,"href":"https:\/\/parlonsdedemain.net\/index.php\/wp-json\/wp\/v2\/users\/1"}],"replies":[{"embeddable":true,"href":"https:\/\/parlonsdedemain.net\/index.php\/wp-json\/wp\/v2\/comments?post=453"}],"version-history":[{"count":11,"href":"https:\/\/parlonsdedemain.net\/index.php\/wp-json\/wp\/v2\/pages\/453\/revisions"}],"predecessor-version":[{"id":472,"href":"https:\/\/parlonsdedemain.net\/index.php\/wp-json\/wp\/v2\/pages\/453\/revisions\/472"}],"wp:attachment":[{"href":"https:\/\/parlonsdedemain.net\/index.php\/wp-json\/wp\/v2\/media?parent=453"}],"curies":[{"name":"wp","href":"https:\/\/api.w.org\/{rel}","templated":true}]}}

<h3 class="wp-block-heading"><strong>L’origine de Solarcoop : une initiative citoyenne</strong></h3>



<p>Les Centrales Villageoises du Pays Mornantais (C.V.P.M.), créée en 2016 dans le Rhône, a d’abord installé des centrales photovoltaïques sur les toits de 26 bâtiments du Pays Mornantais grâce à des financements citoyens.</p>



<p>Afin de permettre aux particuliers du territoire de produire de l’électricité, C.V.P.M. a mis en place début 2020 un accompagnement des particuliers sécurisant le processus et les coûts. Des Centrales Villageoises voisines ont demandé à C.V.P.M. de développer ce service à destination des particuliers de leur propre territoire.</p>



<p>Très vite, il est apparu évident qu’il fallait d’une part élargir la démarche au territoire national, d’autre part proposer de petites installations pour l’autoconsommation totale : des Kits Solaires. Il a alors été décidé de créer <a href="https://www.solarcoop.fr/" target="_blank" rel="noreferrer noopener"><strong>Solarcoop</strong></a></p>



<h3 class="wp-block-heading"><strong>Les kits photovoltaïques</strong></h3>



<p>Les kits photovoltaïques « Plug &amp; Play » sans injection sur le réseau sont une des solutions à la portée des particuliers. De puissance limitée, leur fonction est de couvrir en journée, une part du « talon » des consommations permanentes de la maison (consommation VMC, réfrigérateur, congélateur…). Particulièrement simples à mettre en œuvre, se branchant directement à une prise électrique, accessibles dans plusieurs enseignes de la grande distribution ou commercialisés en ligne et bénéficiant de démarches administratives simplifiées, ils sont un moyen simple d’auto-apprentissage de l’autoconsommation individuelle de l’énergie solaire photovoltaïque.</p>



<p><a href="https://parlonsdedemain.net/wp-content/uploads/2026/01/bien_dimensionner_votre_kit_photovoltaique_solarcoop_v4-1.pdf" target="_blank" rel="noreferrer noopener"><strong>Dimensionner votre kit photovoltaïque</strong></a></p>
