{"id":473,"date":"2026-01-14T10:32:51","date_gmt":"2026-01-14T09:32:51","guid":{"rendered":"https:\/\/parlonsdedemain.net\/?page_id=473"},"modified":"2026-03-11T22:48:01","modified_gmt":"2026-03-11T21:48:01","slug":"des-outils-pour-comprendre","status":"publish","type":"page","link":"https:\/\/parlonsdedemain.net\/index.php\/des-outils-pour-comprendre\/","title":{"rendered":"Liens"},"content":{"rendered":"\n<p>Certains sites d\u2019information ou de donn\u00e9es sont \u00e0 conna\u00eetre pour comprendre ce qui nous attend face au changement climatique : nouvelles organisations, modifications sociales, nouveaux outils &#8230;<\/p>\n\n\n\n<p>C&#8217;est l&#8217;objet de cette page et des pages adjointes pour une veille et un partage. Vous pouvez signaler vos d\u00e9couvertes \u00e0 l&#8217;aide du <strong><a href=\"https:\/\/parlonsdedemain.net\/index.php\/formulaire-de-contact\/\" target=\"_blank\" rel=\"noreferrer noopener\">formulaire<\/a><\/strong>.<\/p>\n\n\n\n<ul class=\"wp-block-list\">\n<li><a href=\"https:\/\/meteofrance.com\/climadiag-commune\" target=\"_blank\" rel=\"noreferrer noopener\"><strong>\u00c9volution de la m\u00e9t\u00e9o dans votre commune<\/strong><\/a><br>Ce site gouvernemental permet d&#8217;avoir un aper\u00e7u sur la m\u00e9t\u00e9o des ann\u00e9es 2030, 2050, 2100.<br>\u00c0 quoi ma commune devra-t-elle s&#8217;adapter ?<\/li>\n<\/ul>\n\n\n\n<ul class=\"wp-block-list\">\n<li><a href=\"https:\/\/hameaux-legers.org\/\" target=\"_blank\" rel=\"noreferrer noopener\"><strong>Hameaux L\u00e9gers<\/strong><\/a><br>Hameaux L\u00e9gers accompagne la cr\u00e9ation de lieux de vie participatifs et accessibles, au service d\u2019une ruralit\u00e9 vivante.<\/li>\n\n\n\n<li><a href=\"https:\/\/renovation-ecologique.fr\/\" target=\"_blank\" rel=\"noreferrer noopener\"><strong>Le blog<\/strong><\/a> de la performance \u00e9nerg\u00e9tique \u00e9cologique <\/li>\n<\/ul>\n\n\n\n<h1 class=\"wp-block-heading\">Bibliographie<\/h1>\n\n\n\n<p>en pr\u00e9paration<\/p>\n\n\n\n<h1 class=\"wp-block-heading\">Vid\u00e9oth\u00e8que<\/h1>\n\n\n\n<p>une \u00e9mission de Arte en <strong>2012<\/strong> <a href=\"https:\/\/www.youtube.com\/watch?v=UPQTnhLTfL0\" target=\"_blank\" rel=\"noreferrer noopener\">&#8220;<strong>Le futur \u00e0 contre courant&#8221;<\/strong><\/a><\/p>\n","protected":false},"excerpt":{"rendered":"","protected":false},"author":1,"featured_media":0,"parent":0,"menu_order":0,"comment_status":"closed","ping_status":"closed","template":"","meta":{"footnotes":""},"class_list":["post-473","page","type-page","status-publish","hentry","comments-off"],"_links":{"self":[{"href":"https:\/\/parlonsdedemain.net\/index.php\/wp-json\/wp\/v2\/pages\/473","targetHints":{"allow":["GET"]}}],"collection":[{"href":"https:\/\/parlonsdedemain.net\/index.php\/wp-json\/wp\/v2\/pages"}],"about":[{"href":"https:\/\/parlonsdedemain.net\/index.php\/wp-json\/wp\/v2\/types\/page"}],"author":[{"embeddable":true,"href":"https:\/\/parlonsdedemain.net\/index.php\/wp-json\/wp\/v2\/users\/1"}],"replies":[{"embeddable":true,"href":"https:\/\/parlonsdedemain.net\/index.php\/wp-json\/wp\/v2\/comments?post=473"}],"version-history":[{"count":19,"href":"https:\/\/parlonsdedemain.net\/index.php\/wp-json\/wp\/v2\/pages\/473\/revisions"}],"predecessor-version":[{"id":839,"href":"https:\/\/parlonsdedemain.net\/index.php\/wp-json\/wp\/v2\/pages\/473\/revisions\/839"}],"wp:attachment":[{"href":"https:\/\/parlonsdedemain.net\/index.php\/wp-json\/wp\/v2\/media?parent=473"}],"curies":[{"name":"wp","href":"https:\/\/api.w.org\/{rel}","templated":true}]}}

<p>Certains sites d’information ou de données sont à connaître pour comprendre ce qui nous attend face au changement climatique : nouvelles organisations, modifications sociales, nouveaux outils &#8230;</p>



<p>C&#8217;est l&#8217;objet de cette page et des pages adjointes pour une veille et un partage. Vous pouvez signaler vos découvertes à l&#8217;aide du <strong><a href="https://parlonsdedemain.net/index.php/formulaire-de-contact/" target="_blank" rel="noreferrer noopener">formulaire</a></strong>.</p>



<ul class="wp-block-list">
<li><a href="https://meteofrance.com/climadiag-commune" target="_blank" rel="noreferrer noopener"><strong>Évolution de la météo dans votre commune</strong></a><br>Ce site gouvernemental permet d&#8217;avoir un aperçu sur la météo des années 2030, 2050, 2100.<br>À quoi ma commune devra-t-elle s&#8217;adapter ?</li>
</ul>



<ul class="wp-block-list">
<li><a href="https://hameaux-legers.org/" target="_blank" rel="noreferrer noopener"><strong>Hameaux Légers</strong></a><br>Hameaux Légers accompagne la création de lieux de vie participatifs et accessibles, au service d’une ruralité vivante.</li>



<li><a href="https://renovation-ecologique.fr/" target="_blank" rel="noreferrer noopener"><strong>Le blog</strong></a> de la performance énergétique écologique </li>
</ul>



<h1 class="wp-block-heading">Bibliographie</h1>



<p>en préparation</p>



<h1 class="wp-block-heading">Vidéothèque</h1>



<p>une émission de Arte en <strong>2012</strong> <a href="https://www.youtube.com/watch?v=UPQTnhLTfL0" target="_blank" rel="noreferrer noopener">&#8220;<strong>Le futur à contre courant&#8221;</strong></a></p>
