{"id":567,"date":"2026-01-23T11:36:06","date_gmt":"2026-01-23T10:36:06","guid":{"rendered":"https:\/\/parlonsdedemain.net\/?page_id=567"},"modified":"2026-02-15T18:17:56","modified_gmt":"2026-02-15T17:17:56","slug":"parlons-des-communs","status":"publish","type":"page","link":"https:\/\/parlonsdedemain.net\/index.php\/parlons-des-communs\/","title":{"rendered":"Parlons des &#8220;Communs&#8221;"},"content":{"rendered":"\n<p>Manifestation au caf\u00e9 associatif de Lern\u00e9 autour des &#8220;communs&#8221;. Parlons de Demain qui y avait un stand est intervenu pour un retour des &#8220;communs&#8221; comme id\u00e9e d&#8217;avenir. <\/p>\n\n\n\n<p>Partout dans le monde, des mouvements conteste l&#8217;appropriation par une petite oligarchie des ressources naturelles, des espaces et des services publics , des connaissances et des r\u00e9seaux de communication. Ces luttes \u00e9l\u00e8vent toutes une m\u00eame exigence, repose toutes sur le m\u00eame principe : le &#8220;commun&#8221;.<\/p>\n\n\n\n<figure class=\"wp-block-gallery has-nested-images columns-default is-cropped wp-block-gallery-1 is-layout-flex wp-block-gallery-is-layout-flex\">\n<figure class=\"wp-block-image size-large\"><img loading=\"lazy\" decoding=\"async\" width=\"1024\" height=\"768\" data-id=\"579\" src=\"https:\/\/parlonsdedemain.net\/wp-content\/uploads\/2026\/01\/DSCN2950-1-1024x768.jpg\" alt=\"\" class=\"wp-image-579\" srcset=\"https:\/\/parlonsdedemain.net\/wp-content\/uploads\/2026\/01\/DSCN2950-1-1024x768.jpg 1024w, https:\/\/parlonsdedemain.net\/wp-content\/uploads\/2026\/01\/DSCN2950-1-300x225.jpg 300w, https:\/\/parlonsdedemain.net\/wp-content\/uploads\/2026\/01\/DSCN2950-1-768x576.jpg 768w, https:\/\/parlonsdedemain.net\/wp-content\/uploads\/2026\/01\/DSCN2950-1-1536x1152.jpg 1536w, https:\/\/parlonsdedemain.net\/wp-content\/uploads\/2026\/01\/DSCN2950-1-2048x1536.jpg 2048w, https:\/\/parlonsdedemain.net\/wp-content\/uploads\/2026\/01\/DSCN2950-1-600x450.jpg 600w\" sizes=\"auto, (max-width: 1024px) 100vw, 1024px\" \/><\/figure>\n\n\n\n<figure class=\"wp-block-image size-large\"><img decoding=\"async\" data-id=\"571\" src=\"https:\/\/parlonsdedemain.net\/wp-content\/uploads\/2026\/01\/DSCN2795.jpg\" alt=\"\" class=\"wp-image-571\"\/><\/figure>\n\n\n\n<figure class=\"wp-block-image size-large\"><img decoding=\"async\" data-id=\"573\" src=\"https:\/\/parlonsdedemain.net\/wp-content\/uploads\/2026\/01\/DSCN2791.jpg\" alt=\"\" class=\"wp-image-573\"\/><\/figure>\n\n\n\n<figure class=\"wp-block-image size-large\"><img loading=\"lazy\" decoding=\"async\" width=\"1024\" height=\"768\" data-id=\"576\" src=\"https:\/\/parlonsdedemain.net\/wp-content\/uploads\/2026\/01\/DSCN2790-1024x768.jpg\" alt=\"\" class=\"wp-image-576\" srcset=\"https:\/\/parlonsdedemain.net\/wp-content\/uploads\/2026\/01\/DSCN2790-1024x768.jpg 1024w, https:\/\/parlonsdedemain.net\/wp-content\/uploads\/2026\/01\/DSCN2790-300x225.jpg 300w, https:\/\/parlonsdedemain.net\/wp-content\/uploads\/2026\/01\/DSCN2790-768x576.jpg 768w, https:\/\/parlonsdedemain.net\/wp-content\/uploads\/2026\/01\/DSCN2790-1536x1152.jpg 1536w, https:\/\/parlonsdedemain.net\/wp-content\/uploads\/2026\/01\/DSCN2790-2048x1536.jpg 2048w, https:\/\/parlonsdedemain.net\/wp-content\/uploads\/2026\/01\/DSCN2790-600x450.jpg 600w\" sizes=\"auto, (max-width: 1024px) 100vw, 1024px\" \/><\/figure>\n\n\n\n<figure class=\"wp-block-image size-large\"><img decoding=\"async\" data-id=\"570\" src=\"https:\/\/parlonsdedemain.net\/wp-content\/uploads\/2026\/01\/DSCN2793.jpg\" alt=\"\" class=\"wp-image-570\"\/><\/figure>\n\n\n\n<figure class=\"wp-block-image size-large\"><img decoding=\"async\" data-id=\"574\" src=\"https:\/\/parlonsdedemain.net\/wp-content\/uploads\/2026\/01\/DSCN2792.jpg\" alt=\"\" class=\"wp-image-574\"\/><\/figure>\n\n\n\n<figure class=\"wp-block-image size-large\"><img decoding=\"async\" data-id=\"568\" src=\"https:\/\/parlonsdedemain.net\/wp-content\/uploads\/2026\/01\/DSCN2789.jpg\" alt=\"\" class=\"wp-image-568\"\/><\/figure>\n\n\n\n<figure class=\"wp-block-image size-large\"><img loading=\"lazy\" decoding=\"async\" width=\"1024\" height=\"768\" data-id=\"576\" src=\"https:\/\/parlonsdedemain.net\/wp-content\/uploads\/2026\/01\/DSCN2790-1024x768.jpg\" alt=\"\" class=\"wp-image-576\" srcset=\"https:\/\/parlonsdedemain.net\/wp-content\/uploads\/2026\/01\/DSCN2790-1024x768.jpg 1024w, https:\/\/parlonsdedemain.net\/wp-content\/uploads\/2026\/01\/DSCN2790-300x225.jpg 300w, https:\/\/parlonsdedemain.net\/wp-content\/uploads\/2026\/01\/DSCN2790-768x576.jpg 768w, https:\/\/parlonsdedemain.net\/wp-content\/uploads\/2026\/01\/DSCN2790-1536x1152.jpg 1536w, https:\/\/parlonsdedemain.net\/wp-content\/uploads\/2026\/01\/DSCN2790-2048x1536.jpg 2048w, https:\/\/parlonsdedemain.net\/wp-content\/uploads\/2026\/01\/DSCN2790-600x450.jpg 600w\" sizes=\"auto, (max-width: 1024px) 100vw, 1024px\" \/><\/figure>\n\n\n\n<figure class=\"wp-block-image size-full\"><img decoding=\"async\" data-id=\"575\" src=\"https:\/\/parlonsdedemain.net\/wp-content\/uploads\/2026\/01\/DSCN2794.jpg\" alt=\"\" class=\"wp-image-575\"\/><\/figure>\n<\/figure>\n\n\n\n<p>Les <strong>communs<\/strong> sont des <strong>ressources partag\u00e9es<\/strong>, g\u00e9r\u00e9es collectivement par une communaut\u00e9 selon des <strong>r\u00e8gles sp\u00e9cifiques<\/strong> pour assurer leur <strong>pr\u00e9servation et leur utilisation durable<\/strong>, pouvant \u00eatre naturelles, mat\u00e9rielles ou immat\u00e9rielles.<\/p>\n\n\n\n<p>Le commun &#8220;&#8230; permet de sortir de l&#8217;alternative binaire entre priv\u00e9 et public en s&#8217;int\u00e9ressant davantage \u00e0 l&#8217;\u00e9gal acc\u00e8s et au r\u00e9gime de partage et d\u00e9cision plut\u00f4t qu&#8217;\u00e0 la propri\u00e9t\u00e9. Les domaines dans lesquels les communs peuvent trouver des applications comprennent l&#8217;acc\u00e8s aux ressources mais aussi au logement et \u00e0 la connaissance.&#8221; Daniela Festa \u00ab\u00a0<a href=\"https:\/\/geoconfluences.ens-lyon.fr\/informations-scientifiques\/a-la-une\/notion-a-la-une\/communs\">Notion en d\u00e9bat : les communs<\/a>\u00a0\u00bb, <em>G\u00e9oconfluences<\/em>, juin 2018.<br><strong>\u00e0 lire : <\/strong><br><strong>Garrett Hardin<\/strong> qui, \u00e0 partir de l\u2019exemple d\u2019un p\u00e2turage partag\u00e9, d\u00e9cr\u00e9ta la <strong>trag\u00e9die des communs<\/strong><em>. <\/em><br><strong>Elinor Ostrom<\/strong>, \u00ab\u00a0prix Nobel d\u2019\u00e9conomie\u00a0\u00bb en 2009.<\/p>\n","protected":false},"excerpt":{"rendered":"","protected":false},"author":1,"featured_media":0,"parent":0,"menu_order":0,"comment_status":"closed","ping_status":"closed","template":"","meta":{"footnotes":""},"class_list":["post-567","page","type-page","status-publish","hentry","comments-off"],"_links":{"self":[{"href":"https:\/\/parlonsdedemain.net\/index.php\/wp-json\/wp\/v2\/pages\/567","targetHints":{"allow":["GET"]}}],"collection":[{"href":"https:\/\/parlonsdedemain.net\/index.php\/wp-json\/wp\/v2\/pages"}],"about":[{"href":"https:\/\/parlonsdedemain.net\/index.php\/wp-json\/wp\/v2\/types\/page"}],"author":[{"embeddable":true,"href":"https:\/\/parlonsdedemain.net\/index.php\/wp-json\/wp\/v2\/users\/1"}],"replies":[{"embeddable":true,"href":"https:\/\/parlonsdedemain.net\/index.php\/wp-json\/wp\/v2\/comments?post=567"}],"version-history":[{"count":4,"href":"https:\/\/parlonsdedemain.net\/index.php\/wp-json\/wp\/v2\/pages\/567\/revisions"}],"predecessor-version":[{"id":794,"href":"https:\/\/parlonsdedemain.net\/index.php\/wp-json\/wp\/v2\/pages\/567\/revisions\/794"}],"wp:attachment":[{"href":"https:\/\/parlonsdedemain.net\/index.php\/wp-json\/wp\/v2\/media?parent=567"}],"curies":[{"name":"wp","href":"https:\/\/api.w.org\/{rel}","templated":true}]}}

<p>Manifestation au café associatif de Lerné autour des &#8220;communs&#8221;. Parlons de Demain qui y avait un stand est intervenu pour un retour des &#8220;communs&#8221; comme idée d&#8217;avenir. </p>



<p>Partout dans le monde, des mouvements conteste l&#8217;appropriation par une petite oligarchie des ressources naturelles, des espaces et des services publics , des connaissances et des réseaux de communication. Ces luttes élèvent toutes une même exigence, repose toutes sur le même principe : le &#8220;commun&#8221;.</p>



<figure class="wp-block-gallery has-nested-images columns-default is-cropped wp-block-gallery-1 is-layout-flex wp-block-gallery-is-layout-flex">
<figure class="wp-block-image size-large"><img loading="lazy" decoding="async" width="1024" height="768" data-id="579" src="https://parlonsdedemain.net/wp-content/uploads/2026/01/DSCN2950-1-1024x768.jpg" alt="" class="wp-image-579" srcset="https://parlonsdedemain.net/wp-content/uploads/2026/01/DSCN2950-1-1024x768.jpg 1024w, https://parlonsdedemain.net/wp-content/uploads/2026/01/DSCN2950-1-300x225.jpg 300w, https://parlonsdedemain.net/wp-content/uploads/2026/01/DSCN2950-1-768x576.jpg 768w, https://parlonsdedemain.net/wp-content/uploads/2026/01/DSCN2950-1-1536x1152.jpg 1536w, https://parlonsdedemain.net/wp-content/uploads/2026/01/DSCN2950-1-2048x1536.jpg 2048w, https://parlonsdedemain.net/wp-content/uploads/2026/01/DSCN2950-1-600x450.jpg 600w" sizes="auto, (max-width: 1024px) 100vw, 1024px" /></figure>



<figure class="wp-block-image size-large"><img decoding="async" data-id="571" src="https://parlonsdedemain.net/wp-content/uploads/2026/01/DSCN2795.jpg" alt="" class="wp-image-571"/></figure>



<figure class="wp-block-image size-large"><img decoding="async" data-id="573" src="https://parlonsdedemain.net/wp-content/uploads/2026/01/DSCN2791.jpg" alt="" class="wp-image-573"/></figure>



<figure class="wp-block-image size-large"><img loading="lazy" decoding="async" width="1024" height="768" data-id="576" src="https://parlonsdedemain.net/wp-content/uploads/2026/01/DSCN2790-1024x768.jpg" alt="" class="wp-image-576" srcset="https://parlonsdedemain.net/wp-content/uploads/2026/01/DSCN2790-1024x768.jpg 1024w, https://parlonsdedemain.net/wp-content/uploads/2026/01/DSCN2790-300x225.jpg 300w, https://parlonsdedemain.net/wp-content/uploads/2026/01/DSCN2790-768x576.jpg 768w, https://parlonsdedemain.net/wp-content/uploads/2026/01/DSCN2790-1536x1152.jpg 1536w, https://parlonsdedemain.net/wp-content/uploads/2026/01/DSCN2790-2048x1536.jpg 2048w, https://parlonsdedemain.net/wp-content/uploads/2026/01/DSCN2790-600x450.jpg 600w" sizes="auto, (max-width: 1024px) 100vw, 1024px" /></figure>



<figure class="wp-block-image size-large"><img decoding="async" data-id="570" src="https://parlonsdedemain.net/wp-content/uploads/2026/01/DSCN2793.jpg" alt="" class="wp-image-570"/></figure>



<figure class="wp-block-image size-large"><img decoding="async" data-id="574" src="https://parlonsdedemain.net/wp-content/uploads/2026/01/DSCN2792.jpg" alt="" class="wp-image-574"/></figure>



<figure class="wp-block-image size-large"><img decoding="async" data-id="568" src="https://parlonsdedemain.net/wp-content/uploads/2026/01/DSCN2789.jpg" alt="" class="wp-image-568"/></figure>



<figure class="wp-block-image size-large"><img loading="lazy" decoding="async" width="1024" height="768" data-id="576" src="https://parlonsdedemain.net/wp-content/uploads/2026/01/DSCN2790-1024x768.jpg" alt="" class="wp-image-576" srcset="https://parlonsdedemain.net/wp-content/uploads/2026/01/DSCN2790-1024x768.jpg 1024w, https://parlonsdedemain.net/wp-content/uploads/2026/01/DSCN2790-300x225.jpg 300w, https://parlonsdedemain.net/wp-content/uploads/2026/01/DSCN2790-768x576.jpg 768w, https://parlonsdedemain.net/wp-content/uploads/2026/01/DSCN2790-1536x1152.jpg 1536w, https://parlonsdedemain.net/wp-content/uploads/2026/01/DSCN2790-2048x1536.jpg 2048w, https://parlonsdedemain.net/wp-content/uploads/2026/01/DSCN2790-600x450.jpg 600w" sizes="auto, (max-width: 1024px) 100vw, 1024px" /></figure>



<figure class="wp-block-image size-full"><img decoding="async" data-id="575" src="https://parlonsdedemain.net/wp-content/uploads/2026/01/DSCN2794.jpg" alt="" class="wp-image-575"/></figure>
</figure>



<p>Les <strong>communs</strong> sont des <strong>ressources partagées</strong>, gérées collectivement par une communauté selon des <strong>règles spécifiques</strong> pour assurer leur <strong>préservation et leur utilisation durable</strong>, pouvant être naturelles, matérielles ou immatérielles.</p>



<p>Le commun &#8220;&#8230; permet de sortir de l&#8217;alternative binaire entre privé et public en s&#8217;intéressant davantage à l&#8217;égal accès et au régime de partage et décision plutôt qu&#8217;à la propriété. Les domaines dans lesquels les communs peuvent trouver des applications comprennent l&#8217;accès aux ressources mais aussi au logement et à la connaissance.&#8221; Daniela Festa « <a href="https://geoconfluences.ens-lyon.fr/informations-scientifiques/a-la-une/notion-a-la-une/communs">Notion en débat : les communs</a> », <em>Géoconfluences</em>, juin 2018.<br><strong>à lire : </strong><br><strong>Garrett Hardin</strong> qui, à partir de l’exemple d’un pâturage partagé, décréta la <strong>tragédie des communs</strong><em>. </em><br><strong>Elinor Ostrom</strong>, « prix Nobel d’économie » en 2009.</p>
