{"id":61,"date":"2025-09-22T18:20:39","date_gmt":"2025-09-22T16:20:39","guid":{"rendered":"https:\/\/parlonsdedemain.net\/?page_id=61"},"modified":"2025-10-15T19:56:02","modified_gmt":"2025-10-15T17:56:02","slug":"projet-local-damenagement-plui","status":"publish","type":"page","link":"https:\/\/parlonsdedemain.net\/index.php\/projet-local-damenagement-plui\/","title":{"rendered":"Projet local d&#8217;am\u00e9nagement (PLUI)"},"content":{"rendered":"\n<p>Parlons de Demain \u00e0 particip\u00e9 \u00e0 l&#8217;enqu\u00eate publique pour le <strong>P<\/strong>rojet <strong>L<\/strong>ocal d&#8217;<strong>U<\/strong>rbanisme <strong>I<\/strong>ntercommunal de la Communaut\u00e9 de Commune Touraine Val de Vienne. Elle a travaill\u00e9 \u00e0 montrer l&#8217;incoh\u00e9rence du projet de d\u00e9viation de L&#8217;Ile Bouchard avec le PLUI.<\/p>\n\n\n\n<p><a href=\"https:\/\/parlonsdedemain.net\/wp-content\/uploads\/2025\/10\/02_PLUi_CCTVV_PADD.pdf\" target=\"_blank\" rel=\"noreferrer noopener\"><strong>PLUI<\/strong><\/a><\/p>\n","protected":false},"excerpt":{"rendered":"","protected":false},"author":1,"featured_media":0,"parent":0,"menu_order":0,"comment_status":"closed","ping_status":"closed","template":"","meta":{"footnotes":""},"class_list":["post-61","page","type-page","status-publish","hentry","comments-off"],"_links":{"self":[{"href":"https:\/\/parlonsdedemain.net\/index.php\/wp-json\/wp\/v2\/pages\/61","targetHints":{"allow":["GET"]}}],"collection":[{"href":"https:\/\/parlonsdedemain.net\/index.php\/wp-json\/wp\/v2\/pages"}],"about":[{"href":"https:\/\/parlonsdedemain.net\/index.php\/wp-json\/wp\/v2\/types\/page"}],"author":[{"embeddable":true,"href":"https:\/\/parlonsdedemain.net\/index.php\/wp-json\/wp\/v2\/users\/1"}],"replies":[{"embeddable":true,"href":"https:\/\/parlonsdedemain.net\/index.php\/wp-json\/wp\/v2\/comments?post=61"}],"version-history":[{"count":4,"href":"https:\/\/parlonsdedemain.net\/index.php\/wp-json\/wp\/v2\/pages\/61\/revisions"}],"predecessor-version":[{"id":188,"href":"https:\/\/parlonsdedemain.net\/index.php\/wp-json\/wp\/v2\/pages\/61\/revisions\/188"}],"wp:attachment":[{"href":"https:\/\/parlonsdedemain.net\/index.php\/wp-json\/wp\/v2\/media?parent=61"}],"curies":[{"name":"wp","href":"https:\/\/api.w.org\/{rel}","templated":true}]}}

Projet local d&#8217;aménagement (PLUI)

<p>Parlons de Demain à participé à l&#8217;enquête publique pour le <strong>P</strong>rojet <strong>L</strong>ocal d&#8217;<strong>U</strong>rbanisme <strong>I</strong>ntercommunal de la Communauté de Commune Touraine Val de Vienne. Elle a travaillé à montrer l&#8217;incohérence du projet de déviation de L&#8217;Ile Bouchard avec le PLUI.</p>



<p><a href="https://parlonsdedemain.net/wp-content/uploads/2025/10/02_PLUi_CCTVV_PADD.pdf" target="_blank" rel="noreferrer noopener"><strong>PLUI</strong></a></p>
