{"id":65,"date":"2025-09-22T18:21:44","date_gmt":"2025-09-22T16:21:44","guid":{"rendered":"https:\/\/parlonsdedemain.net\/?page_id=65"},"modified":"2026-01-23T18:04:57","modified_gmt":"2026-01-23T17:04:57","slug":"non-a-la-deviation","status":"publish","type":"page","link":"https:\/\/parlonsdedemain.net\/index.php\/non-a-la-deviation\/","title":{"rendered":"Non \u00e0 la d\u00e9viation"},"content":{"rendered":"\n<p>Ce document pr\u00e9sente la lutte entre 2018 et 2022 de l&#8217;association &#8220;<strong><em>Ensemble et Vigilants face aux inondations dans le Bouchardais<\/em><\/strong>&#8220;.<\/p>\n\n\n\n<figure class=\"wp-block-image size-full\"><img loading=\"lazy\" decoding=\"async\" width=\"843\" height=\"248\" src=\"https:\/\/parlonsdedemain.net\/wp-content\/uploads\/2026\/01\/image.png\" alt=\"\" class=\"wp-image-625\" srcset=\"https:\/\/parlonsdedemain.net\/wp-content\/uploads\/2026\/01\/image.png 843w, https:\/\/parlonsdedemain.net\/wp-content\/uploads\/2026\/01\/image-300x88.png 300w, https:\/\/parlonsdedemain.net\/wp-content\/uploads\/2026\/01\/image-768x226.png 768w\" sizes=\"auto, (max-width: 843px) 100vw, 843px\" \/><\/figure>\n\n\n\n<p> L&#8217;association soutenue par la &#8220;<strong><em>Sepant<\/em><\/strong>&#8221; et &#8220;<strong><em>Parlons de demain<\/em><\/strong>&#8221; a finalement obtenu gain de cause avec la d\u00e9cision de la pr\u00e9f\u00e8te d&#8217;Indre et Loire en juillet 2022.<\/p>\n\n\n\n<p>En 2018, le d\u00e9partement d&#8217;Indre et Loire d\u00e9cide de mettre en \u0153uvre un <strong><em>projet vieux de plus de 30ans<\/em><\/strong>, un vrai serpent de mer. Un collectif local de r\u00e9sistance s&#8217;organise au tour <strong><em>Ensemble et Vigilants face aux inondations dans le Bouchardais<\/em><\/strong> avec l&#8217;aide des associations <strong><em>Sepant et de Parlons de demain<\/em><\/strong>. Des distributions de tracts informent la population, des lettres \u00e0 la pr\u00e9fecture d\u00e9veloppant les arguments sont envoy\u00e9es, les \u00e9lus \u00e9cologistes du d\u00e9partement sont invit\u00e9s pour leurs pr\u00e9senter les arguments et obtenir leur soutien. L\u2019enqu\u00eate publique pour le PLUI de la communaut\u00e9 de commune est annot\u00e9 l&#8217;occasion de plusieurs interventions et souligne les contradictions avec le projet d\u00e9partemental.<\/p>\n\n\n\n<p>Finalement le 13 juillet 2022 la pr\u00e9f\u00e8re d&#8217;Indre et Loire enterre le projet donnant raison aux associations <strong><em>Ensemble et Vigilants face aux inondations dans le Bouchardais<\/em><\/strong>,  <strong><em>Sepant<\/em><\/strong> et <strong><em>Parlons de demain<\/em><\/strong>. La r\u00e9sistance a pay\u00e9 malgr\u00e9 le forcing des \u00e9lus locaux.<\/p>\n\n\n\n<h4 class=\"wp-block-heading has-text-align-center\"><em>D\u00e9viation Tavant-L&#8217;\u00cele-Bouchard : la pr\u00e9f\u00e8te enterre le projet<\/em><\/h4>\n\n\n\n<p>Avec l&#8217;abrogation de l&#8217;utilit\u00e9 publique de la d\u00e9viation Tavant-L&#8217;\u00cele-Bouchard en mars, la pr\u00e9f\u00e8te enterre le projet. Attendu depuis trente ans, la d\u00e9viation entre Tavant et L&#8217;\u00cele-Bouchard ne verra pas le jour, la pr\u00e9f\u00e8te d&#8217;Indre-et-Loire a abrog\u00e9 ce 13 juillet 2022 l&#8217;arr\u00eat\u00e9 d&#8217;utilit\u00e9 publique du projet.&nbsp;La fin d&#8217;un<a href=\"https:\/\/www.lanouvellerepublique.fr\/indre-et-loire\/commune\/l-ile-bouchard\/deviation-tavant-l-ile-bouchard-ou-en-est-le-projet-aujourd-hui\" target=\"_blank\" rel=\"noreferrer noopener\">&nbsp;<strong>serpent de mer vieux de 30 ans<\/strong><\/a>.<\/p>\n\n\n\n<p>La pr\u00e9f\u00e8te enterre d\u00e9finitivement la d\u00e9viation avec&nbsp;<strong>plusieurs raisons avanc\u00e9es<\/strong>&nbsp;: <br>&#8211; l\u2019exposition du co\u00fbt du projet (de 21 \u00e0 39 millions d&#8217;euros), <br>&#8211; la baisse attendue du trafic routier de 40 % d&#8217;ici vingt ans <br>&#8211; et enfin l&#8217;impact environnemental de la structure, avec un pont mena\u00e7ant notamment la grande mulette, moule d&#8217;eau douce.<\/p>\n\n\n\n<p>Par communiqu\u00e9,&nbsp;<strong>Jean-G\u00e9rard Paumier<\/strong>, pr\u00e9sident du conseil d\u00e9partemental, &#8220;prend acte de cette abrogation de Madame la pr\u00e9f\u00e8te qui enterre d\u00e9finitivement la d\u00e9viation attendue par la population et le territoire.&#8221;&nbsp;L&#8217;\u00e9lu de poursuivre : &#8220;Je r<strong>egrette qu&#8217;il ait fallu si longtemps aux services de l&#8217;\u00e9tat pour mettre fin \u00e0 ce projet<\/strong>&nbsp;lanc\u00e9 par le conseil g\u00e9n\u00e9ral en 1994.&#8221;<\/p>\n\n\n\n<p><a href=\"https:\/\/www.lanouvellerepublique.fr\/indre-et-loire\/commune\/l-ile-bouchard\/deviation-tavant-l-ile-bouchard-elus-et-habitants-mobilises-pour-que-le-projet-se-fasse\" target=\"_blank\" rel=\"noreferrer noopener\"><strong>Elus et habitants r\u00e9clamaient une d\u00e9cision<\/strong><\/a>\u00a0dans ce projet au point mort depuis trop longtemps. Apr\u00e8s une visite sur place,<a href=\"https:\/\/www.lanouvellerepublique.fr\/indre-et-loire\/commune\/l-ile-bouchard\/deviation-tavant-l-ile-bouchard-la-prefete-enterre-l-idee-d-un-pont\" target=\"_blank\" rel=\"noreferrer noopener\"><strong>le 8 mars, la Pr\u00e9f\u00e8te annon\u00e7ait sa volont\u00e9 d&#8217;abroger l&#8217;utilit\u00e9 publique du projet<\/strong><\/a>.<\/p>\n\n\n\n<h5 class=\"wp-block-heading has-text-align-center\">Le D\u00e9partement ne d\u00e9pose pas de recours<\/h5>\n\n\n\n<p>Il \u00e9tait possible de d\u00e9poser un recours gracieux \u00e0 la pr\u00e9f\u00e8te ou hi\u00e9rarchique aupr\u00e8s du minist\u00e8re de l&#8217;Int\u00e9rieur. Joint par la<em>&nbsp;Nouvelle R\u00e9publique<\/em>, Jean-G\u00e9rard Paumier annonce d&#8217;ores et d\u00e9j\u00e0 que le D\u00e9partement ne d\u00e9posera pas de recours &#8220;perdu d&#8217;avance. Il vaut mieux \u00eatre clair, assumer cette d\u00e9cision et avancer. On va se mettre autour de la table avec les services de l&#8217;Etat pour voir ce qu&#8217;il est possible de faire pour am\u00e9liorer les choses dans le Bouchardais.&#8221; Comme de limiter le trafic des poids-lourds en transit.&nbsp;<\/p>\n\n\n\n<p><a href=\"https:\/\/parlonsdedemain.net\/wp-content\/uploads\/2025\/09\/Nos-arguments-\u2013-Non-a-la-deviation-de-L-Ile-Bouchard.pdf\" target=\"_blank\" rel=\"noreferrer noopener\"><strong>Nos arguments extrait du blog de lutte<\/strong><\/a>.<\/p>\n\n\n\n<p><strong><a href=\"https:\/\/parlonsdedemain.net\/wp-content\/uploads\/2025\/09\/Bloc-notes-Arguments-022022.docx.pdf\" target=\"_blank\" rel=\"noreferrer noopener\">Lettre \u00e0 Madame Lajus Pr\u00e9f\u00e8te d&#8217;Indre et Loire<\/a><\/strong><\/p>\n","protected":false},"excerpt":{"rendered":"","protected":false},"author":1,"featured_media":0,"parent":0,"menu_order":0,"comment_status":"closed","ping_status":"closed","template":"","meta":{"footnotes":""},"class_list":["post-65","page","type-page","status-publish","hentry","comments-off"],"_links":{"self":[{"href":"https:\/\/parlonsdedemain.net\/index.php\/wp-json\/wp\/v2\/pages\/65","targetHints":{"allow":["GET"]}}],"collection":[{"href":"https:\/\/parlonsdedemain.net\/index.php\/wp-json\/wp\/v2\/pages"}],"about":[{"href":"https:\/\/parlonsdedemain.net\/index.php\/wp-json\/wp\/v2\/types\/page"}],"author":[{"embeddable":true,"href":"https:\/\/parlonsdedemain.net\/index.php\/wp-json\/wp\/v2\/users\/1"}],"replies":[{"embeddable":true,"href":"https:\/\/parlonsdedemain.net\/index.php\/wp-json\/wp\/v2\/comments?post=65"}],"version-history":[{"count":24,"href":"https:\/\/parlonsdedemain.net\/index.php\/wp-json\/wp\/v2\/pages\/65\/revisions"}],"predecessor-version":[{"id":637,"href":"https:\/\/parlonsdedemain.net\/index.php\/wp-json\/wp\/v2\/pages\/65\/revisions\/637"}],"wp:attachment":[{"href":"https:\/\/parlonsdedemain.net\/index.php\/wp-json\/wp\/v2\/media?parent=65"}],"curies":[{"name":"wp","href":"https:\/\/api.w.org\/{rel}","templated":true}]}}

Non à la déviation

<p>Ce document présente la lutte entre 2018 et 2022 de l&#8217;association &#8220;<strong><em>Ensemble et Vigilants face aux inondations dans le Bouchardais</em></strong>&#8220;.</p>



<figure class="wp-block-image size-full"><img loading="lazy" decoding="async" width="843" height="248" src="https://parlonsdedemain.net/wp-content/uploads/2026/01/image.png" alt="" class="wp-image-625" srcset="https://parlonsdedemain.net/wp-content/uploads/2026/01/image.png 843w, https://parlonsdedemain.net/wp-content/uploads/2026/01/image-300x88.png 300w, https://parlonsdedemain.net/wp-content/uploads/2026/01/image-768x226.png 768w" sizes="auto, (max-width: 843px) 100vw, 843px" /></figure>



<p> L&#8217;association soutenue par la &#8220;<strong><em>Sepant</em></strong>&#8221; et &#8220;<strong><em>Parlons de demain</em></strong>&#8221; a finalement obtenu gain de cause avec la décision de la préfète d&#8217;Indre et Loire en juillet 2022.</p>



<p>En 2018, le département d&#8217;Indre et Loire décide de mettre en œuvre un <strong><em>projet vieux de plus de 30ans</em></strong>, un vrai serpent de mer. Un collectif local de résistance s&#8217;organise au tour <strong><em>Ensemble et Vigilants face aux inondations dans le Bouchardais</em></strong> avec l&#8217;aide des associations <strong><em>Sepant et de Parlons de demain</em></strong>. Des distributions de tracts informent la population, des lettres à la préfecture développant les arguments sont envoyées, les élus écologistes du département sont invités pour leurs présenter les arguments et obtenir leur soutien. L’enquête publique pour le PLUI de la communauté de commune est annoté l&#8217;occasion de plusieurs interventions et souligne les contradictions avec le projet départemental.</p>



<p>Finalement le 13 juillet 2022 la préfère d&#8217;Indre et Loire enterre le projet donnant raison aux associations <strong><em>Ensemble et Vigilants face aux inondations dans le Bouchardais</em></strong>,  <strong><em>Sepant</em></strong> et <strong><em>Parlons de demain</em></strong>. La résistance a payé malgré le forcing des élus locaux.</p>



<h4 class="wp-block-heading has-text-align-center"><em>Déviation Tavant-L&#8217;Île-Bouchard : la préfète enterre le projet</em></h4>



<p>Avec l&#8217;abrogation de l&#8217;utilité publique de la déviation Tavant-L&#8217;Île-Bouchard en mars, la préfète enterre le projet. Attendu depuis trente ans, la déviation entre Tavant et L&#8217;Île-Bouchard ne verra pas le jour, la préfète d&#8217;Indre-et-Loire a abrogé ce 13 juillet 2022 l&#8217;arrêté d&#8217;utilité publique du projet.&nbsp;La fin d&#8217;un<a href="https://www.lanouvellerepublique.fr/indre-et-loire/commune/l-ile-bouchard/deviation-tavant-l-ile-bouchard-ou-en-est-le-projet-aujourd-hui" target="_blank" rel="noreferrer noopener">&nbsp;<strong>serpent de mer vieux de 30 ans</strong></a>.</p>



<p>La préfète enterre définitivement la déviation avec&nbsp;<strong>plusieurs raisons avancées</strong>&nbsp;: <br>&#8211; l’exposition du coût du projet (de 21 à 39 millions d&#8217;euros), <br>&#8211; la baisse attendue du trafic routier de 40 % d&#8217;ici vingt ans <br>&#8211; et enfin l&#8217;impact environnemental de la structure, avec un pont menaçant notamment la grande mulette, moule d&#8217;eau douce.</p>



<p>Par communiqué,&nbsp;<strong>Jean-Gérard Paumier</strong>, président du conseil départemental, &#8220;prend acte de cette abrogation de Madame la préfète qui enterre définitivement la déviation attendue par la population et le territoire.&#8221;&nbsp;L&#8217;élu de poursuivre : &#8220;Je r<strong>egrette qu&#8217;il ait fallu si longtemps aux services de l&#8217;état pour mettre fin à ce projet</strong>&nbsp;lancé par le conseil général en 1994.&#8221;</p>



<p><a href="https://www.lanouvellerepublique.fr/indre-et-loire/commune/l-ile-bouchard/deviation-tavant-l-ile-bouchard-elus-et-habitants-mobilises-pour-que-le-projet-se-fasse" target="_blank" rel="noreferrer noopener"><strong>Elus et habitants réclamaient une décision</strong></a> dans ce projet au point mort depuis trop longtemps. Après une visite sur place,<a href="https://www.lanouvellerepublique.fr/indre-et-loire/commune/l-ile-bouchard/deviation-tavant-l-ile-bouchard-la-prefete-enterre-l-idee-d-un-pont" target="_blank" rel="noreferrer noopener"><strong>le 8 mars, la Préfète annonçait sa volonté d&#8217;abroger l&#8217;utilité publique du projet</strong></a>.</p>



<h5 class="wp-block-heading has-text-align-center">Le Département ne dépose pas de recours</h5>



<p>Il était possible de déposer un recours gracieux à la préfète ou hiérarchique auprès du ministère de l&#8217;Intérieur. Joint par la<em>&nbsp;Nouvelle République</em>, Jean-Gérard Paumier annonce d&#8217;ores et déjà que le Département ne déposera pas de recours &#8220;perdu d&#8217;avance. Il vaut mieux être clair, assumer cette décision et avancer. On va se mettre autour de la table avec les services de l&#8217;Etat pour voir ce qu&#8217;il est possible de faire pour améliorer les choses dans le Bouchardais.&#8221; Comme de limiter le trafic des poids-lourds en transit.&nbsp;</p>



<p><a href="https://parlonsdedemain.net/wp-content/uploads/2025/09/Nos-arguments-–-Non-a-la-deviation-de-L-Ile-Bouchard.pdf" target="_blank" rel="noreferrer noopener"><strong>Nos arguments extrait du blog de lutte</strong></a>.</p>



<p><strong><a href="https://parlonsdedemain.net/wp-content/uploads/2025/09/Bloc-notes-Arguments-022022.docx.pdf" target="_blank" rel="noreferrer noopener">Lettre à Madame Lajus Préfète d&#8217;Indre et Loire</a></strong></p>
