{"id":697,"date":"2026-01-24T12:26:58","date_gmt":"2026-01-24T11:26:58","guid":{"rendered":"https:\/\/parlonsdedemain.net\/?page_id=697"},"modified":"2026-03-11T20:33:14","modified_gmt":"2026-03-11T19:33:14","slug":"chantier-participatif-dintelligence-collective","status":"publish","type":"page","link":"https:\/\/parlonsdedemain.net\/index.php\/chantier-participatif-dintelligence-collective\/","title":{"rendered":"R\u00e9union conviviale de r\u00e9flexion collective"},"content":{"rendered":"\n<p>La r\u00e9union se tiendra les 11 et 12 avril \u00e0 La Chevrie 7 rue du 8 mai Avon les Roches. <\/p>\n\n\n\n<p><br>Apr\u00e8s 15 ans d&#8217;am\u00e9nagements du site, nous souhaitons partager notre exp\u00e9rience dans une d\u00e9marche collective. Le but est, partant d\u2019une exp\u00e9rience locale, de lib\u00e9rer les id\u00e9es et de cr\u00e9er un bloc de r\u00e9f\u00e9rences.<\/p>\n\n\n\n<p>Selon les cas, les participants seront log\u00e9s sur place. Nous nous chargeons de la nourriture qui est offerte.<br><br>Le blog est le point de contact \u00e0 enrichir en attendant le weekend de r\u00e9flexion. Chacun(e) y trouvera des informations et pourra contribuer par des apports d&#8217;exp\u00e9rience, des articles de r\u00e9flexion, un \u00e9change de documentation, des sites \u00e0 visiter, etc.<br><strong><a href=\"https:\/\/parlonsdedemain.net\/index.php\/formulaire-de-contact\/\" target=\"_blank\" rel=\"noreferrer noopener\">formulaire de contact<\/a><\/strong> (demandes, avis, etc&#8230;)<\/p>\n\n\n\n<p><strong>Le samedi <\/strong><br>&#8211; accueil des participants et installation<br>&#8211; pr\u00e9sentation du week-end &#8211; r\u00e9cit du lieu, &#8220;apprendre de l&#8217;exp\u00e9rience&#8221; <br>&#8211; repas partag\u00e9<br>&#8211; d\u00e9ambulation comment\u00e9e et participative<br>&#8211; th\u00e9 gourmand <br>&#8211; <strong>&#8220;Fresque de la biodiversit\u00e9&#8221;<\/strong><br>&#8211; ap\u00e9ro repas<br>&#8211; soir\u00e9e d\u00e9tente (film)<\/p>\n\n\n\n<h3 class=\"wp-block-heading\">Th\u00e8mes de r\u00e9flexion<\/h3>\n\n\n\n<p>? <strong>Habiter autrement<\/strong> : habitat partag\u00e9, copropri\u00e9t\u00e9, transmission, \u00e9cohameau &#8230;<br>? <strong>Autonomie<\/strong> : dispositif low-tech, autoconstruction &#8230;<br>? <strong>Biotope local<\/strong> : de la cour de ferme \u00e0 un \u00ab\u00a0\u00e9colieu\u00a0\u00bb, gestion de l\u2019eau et de la v\u00e9g\u00e9tation &#8230;<br>? <strong>Continuit\u00e9 \u00e9cologique des lieux<\/strong> : sanctuarisation, am\u00e9lioration des sols, compostage<br><\/p>\n\n\n\n<p><strong>Le dimanche<\/strong><br>&#8211; petit-d\u00e9jeuner<br>&#8211; synth\u00e8se<br>&#8211; buffet, d\u00e9part des participants<\/p>\n\n\n\n<p><strong>Information g\u00e9n\u00e9rale :<\/strong><\/p>\n\n\n\n<p><a href=\"https:\/\/www.ouest-france.fr\/pays-de-la-loire\/sarthe\/sarthe-cinq-choses-a-savoir-avant-de-vivre-dans-un-ecolieu-3b120acc-e119-3b0f-a433-95f70bd846a9\" target=\"_blank\" rel=\"noreferrer noopener\"><strong>article Ouest-France<\/strong><\/a><\/p>\n\n\n\n<p><a href=\"https:\/\/www.youtube.com\/watch?v=hAuvN2GmJEM&amp;t=476s\" target=\"_blank\" rel=\"noreferrer noopener\"><strong>Des habitats qui donnent vie aux territoires<\/strong><\/a><\/p>\n\n\n\n<p><a href=\"https:\/\/ecolieux72.wordpress.com\/\" target=\"_blank\" rel=\"noreferrer noopener\"><strong>\u00e9colieux 72<\/strong><\/a><\/p>\n\n\n\n<p><strong><a href=\"https:\/\/reporterre.net\/Le-fonds-de-dotation-une-breche-dans-la-conception-francaise-de-la-propriete-prive\" target=\"_blank\" rel=\"noreferrer noopener\">fond de dotation<\/a><\/strong><\/p>\n\n\n\n<p><strong><a href=\"https:\/\/reporterre.net\/Celles-ce-village-qui-renait-sans-propriete-privee\" target=\"_blank\" rel=\"noreferrer noopener\">village de Celles<\/a><\/strong>, Celles Salagou <strong><a href=\"https:\/\/www.celles-salagou.org\/traditions-culture-celles-salagou.html\" target=\"_blank\" rel=\"noreferrer noopener\">histoire<\/a><\/strong><\/p>\n\n\n\n<p><strong><a href=\"https:\/\/theconversation.com\/urbanisme-ecologique-de-la-nature-en-ville-a-la-ville-regenerative-270520?amp;utm_campaign=ILT%2012022026%20DRAFT&amp;utm_content=ILT%2012022026%20DRAFT+CID_99181a208b9c8c0471a0cbef61622189&amp;utm_source=campaign_monitor_fr&amp;utm_term=Lire%20larticle\" target=\"_blank\" rel=\"noreferrer noopener\">Urbanisme \u00e9cologique<\/a><\/strong><\/p>\n\n\n\n<p><strong><a href=\"https:\/\/reporterre.net\/Autogestion-et-propriete-collective-la-vie-paysanne-foisonnante-du-Larzac\" target=\"_blank\" rel=\"noreferrer noopener\">autogestion et propri\u00e9t\u00e9 collective<\/a><\/strong><\/p>\n","protected":false},"excerpt":{"rendered":"","protected":false},"author":1,"featured_media":0,"parent":0,"menu_order":0,"comment_status":"closed","ping_status":"closed","template":"","meta":{"footnotes":""},"class_list":["post-697","page","type-page","status-publish","hentry","comments-off"],"_links":{"self":[{"href":"https:\/\/parlonsdedemain.net\/index.php\/wp-json\/wp\/v2\/pages\/697","targetHints":{"allow":["GET"]}}],"collection":[{"href":"https:\/\/parlonsdedemain.net\/index.php\/wp-json\/wp\/v2\/pages"}],"about":[{"href":"https:\/\/parlonsdedemain.net\/index.php\/wp-json\/wp\/v2\/types\/page"}],"author":[{"embeddable":true,"href":"https:\/\/parlonsdedemain.net\/index.php\/wp-json\/wp\/v2\/users\/1"}],"replies":[{"embeddable":true,"href":"https:\/\/parlonsdedemain.net\/index.php\/wp-json\/wp\/v2\/comments?post=697"}],"version-history":[{"count":52,"href":"https:\/\/parlonsdedemain.net\/index.php\/wp-json\/wp\/v2\/pages\/697\/revisions"}],"predecessor-version":[{"id":834,"href":"https:\/\/parlonsdedemain.net\/index.php\/wp-json\/wp\/v2\/pages\/697\/revisions\/834"}],"wp:attachment":[{"href":"https:\/\/parlonsdedemain.net\/index.php\/wp-json\/wp\/v2\/media?parent=697"}],"curies":[{"name":"wp","href":"https:\/\/api.w.org\/{rel}","templated":true}]}}

Réunion conviviale de réflexion collective

<p>La réunion se tiendra les 11 et 12 avril à La Chevrie 7 rue du 8 mai Avon les Roches. </p>



<p><br>Après 15 ans d&#8217;aménagements du site, nous souhaitons partager notre expérience dans une démarche collective. Le but est, partant d’une expérience locale, de libérer les idées et de créer un bloc de références.</p>



<p>Selon les cas, les participants seront logés sur place. Nous nous chargeons de la nourriture qui est offerte.<br><br>Le blog est le point de contact à enrichir en attendant le weekend de réflexion. Chacun(e) y trouvera des informations et pourra contribuer par des apports d&#8217;expérience, des articles de réflexion, un échange de documentation, des sites à visiter, etc.<br><strong><a href="https://parlonsdedemain.net/index.php/formulaire-de-contact/" target="_blank" rel="noreferrer noopener">formulaire de contact</a></strong> (demandes, avis, etc&#8230;)</p>



<p><strong>Le samedi </strong><br>&#8211; accueil des participants et installation<br>&#8211; présentation du week-end &#8211; récit du lieu, &#8220;apprendre de l&#8217;expérience&#8221; <br>&#8211; repas partagé<br>&#8211; déambulation commentée et participative<br>&#8211; thé gourmand <br>&#8211; <strong>&#8220;Fresque de la biodiversité&#8221;</strong><br>&#8211; apéro repas<br>&#8211; soirée détente (film)</p>



<h3 class="wp-block-heading">Thèmes de réflexion</h3>



<p>? <strong>Habiter autrement</strong> : habitat partagé, copropriété, transmission, écohameau &#8230;<br>? <strong>Autonomie</strong> : dispositif low-tech, autoconstruction &#8230;<br>? <strong>Biotope local</strong> : de la cour de ferme à un « écolieu », gestion de l’eau et de la végétation &#8230;<br>? <strong>Continuité écologique des lieux</strong> : sanctuarisation, amélioration des sols, compostage<br></p>



<p><strong>Le dimanche</strong><br>&#8211; petit-déjeuner<br>&#8211; synthèse<br>&#8211; buffet, départ des participants</p>



<p><strong>Information générale :</strong></p>



<p><a href="https://www.ouest-france.fr/pays-de-la-loire/sarthe/sarthe-cinq-choses-a-savoir-avant-de-vivre-dans-un-ecolieu-3b120acc-e119-3b0f-a433-95f70bd846a9" target="_blank" rel="noreferrer noopener"><strong>article Ouest-France</strong></a></p>



<p><a href="https://www.youtube.com/watch?v=hAuvN2GmJEM&amp;t=476s" target="_blank" rel="noreferrer noopener"><strong>Des habitats qui donnent vie aux territoires</strong></a></p>



<p><a href="https://ecolieux72.wordpress.com/" target="_blank" rel="noreferrer noopener"><strong>écolieux 72</strong></a></p>



<p><strong><a href="https://reporterre.net/Le-fonds-de-dotation-une-breche-dans-la-conception-francaise-de-la-propriete-prive" target="_blank" rel="noreferrer noopener">fond de dotation</a></strong></p>



<p><strong><a href="https://reporterre.net/Celles-ce-village-qui-renait-sans-propriete-privee" target="_blank" rel="noreferrer noopener">village de Celles</a></strong>, Celles Salagou <strong><a href="https://www.celles-salagou.org/traditions-culture-celles-salagou.html" target="_blank" rel="noreferrer noopener">histoire</a></strong></p>



<p><strong><a href="https://theconversation.com/urbanisme-ecologique-de-la-nature-en-ville-a-la-ville-regenerative-270520?amp;utm_campaign=ILT%2012022026%20DRAFT&amp;utm_content=ILT%2012022026%20DRAFT+CID_99181a208b9c8c0471a0cbef61622189&amp;utm_source=campaign_monitor_fr&amp;utm_term=Lire%20larticle" target="_blank" rel="noreferrer noopener">Urbanisme écologique</a></strong></p>



<p><strong><a href="https://reporterre.net/Autogestion-et-propriete-collective-la-vie-paysanne-foisonnante-du-Larzac" target="_blank" rel="noreferrer noopener">autogestion et propriété collective</a></strong></p>
